{"id":178,"date":"2016-12-12T22:40:51","date_gmt":"2016-12-12T21:40:51","guid":{"rendered":"http:\/\/vei.de\/?page_id=178"},"modified":"2021-02-22T12:09:56","modified_gmt":"2021-02-22T11:09:56","slug":"impressum","status":"publish","type":"page","link":"https:\/\/vei.de\/?page_id=178","title":{"rendered":"Impressum und Datenschutz"},"content":{"rendered":"<table>\n<tbody>\n<tr>\n<td>\n<h3>Vokal Ensemble Isernhagen e.V.<\/h3>\n<p>c\/o Nicola Boettcher<br \/>\nFriedrich-Daps-Weg 24<br \/>\n30938 Burgwedel<br \/>\nMobil: 0151-58070619<br \/>\n<a href=\"mailto:nico.boettcher70@gmail.com\">nico.boettcher70@gmail.com<\/a><\/p>\n<p>Internet: <a href=\"http:\/\/www.vei.de\"><b>www.vei.de<\/b><\/a><\/td>\n<\/tr>\n<\/tbody>\n<\/table>\n<p><strong>Kontoverbindung<\/strong><br \/>\nVokal Ensemble Isernhagen e.V.<br \/>\nIBAN: DE42 2505 0180 0900 4123 21<\/p>\n<p><b>Haftungshinweis:<\/b><br \/>\nTrotz sorgf\u00e4ltiger inhaltlicher Kontrolle \u00fcbernehmen wir keine Haftung f\u00fcr die Inhalte externer Links. F\u00fcr den Inhalt der verlinkten Seiten sind ausschlie\u00dflich deren Betreiber verantwortlich.<\/p>\n<p>F\u00fcr Fragen und Anregungen zur Webseite melden Sie sich bei <a href=\"mailto:dan_boe@gmx.de\">Daniel Boettcher<\/a>.<\/p>\n<hr \/>\n<h3><strong>Datenschutzerkl\u00e4rung<\/strong><\/h3>\n<p><strong>Anbieter und verantwortliche Stelle im Sinne des Datenschutzgesetzes<\/strong><\/p>\n<p>Vokal Ensemble Isernhagen e.V.<br \/>\nNicola Boettcher (1. Vorsitzende)<br \/>\nFiredrich-Daps-Weg 24<br \/>\n30938\u00a0Burgwedel<br \/>\nE-Mail: <a href=\"mailto:dan_boe@gmx.de\" target=\"_blank\" rel=\"noopener noreferrer\"><b><a href=\"mailto:nico.boettcher70@gmail.com\">nico.boettcher70@gmail.com<\/a><\/b><\/a><\/p>\n<p><strong>Geltungsbereich<\/strong><\/p>\n<p>Nutzer erhalten mit dieser Datenschutzerkl\u00e4rung Information \u00fcber die Art, den Umfang und Zweck der Erhebung und Verwendung ihrer Daten durch den verantwortlichen Anbieter erhoben und verwendet werden.<\/p>\n<p>Den rechtlichen Rahmen f\u00fcr den Datenschutz bilden die Datenschutzgrundverordnung (DSGVO) und das Telemediengesetz (TMG).<\/p>\n<p><strong>Erfassung allgemeiner Informationen<\/strong><\/p>\n<p>Mit jedem Zugriff auf dieses Angebot werden durch uns bzw. den Webspace-Provider automatisch Informationen erfasst. Diese Informationen, auch als Server-Logfiles bezeichnet, sind allgemeiner Natur und erlauben keine R\u00fcckschl\u00fcsse auf Ihre Person.<\/p>\n<p>Erfasst werden unter anderem: Name der Webseite, Datei, Datum, Datenmenge, Webbrowser und Webbrowser-Version, Betriebssystem, der Domainname Ihres Internet-Providers, die sogenannte Referrer-URL (jene Seite, von der aus Sie auf unser Angebot zugegriffen haben) und die IP-Adresse.<\/p>\n<p>Ohne diese Daten w\u00e4re es technisch teils nicht m\u00f6glich, die Inhalte der Webseite auszuliefern und darzustellen. Insofern ist die Erfassung der Daten zwingend notwendig. Dar\u00fcber hinaus verwenden wir die anonymen Informationen f\u00fcr statistische Zwecke. Sie helfen uns bei der Optimierung des Angebots und der Technik. Wir behalten uns zudem das Recht vor, die Log-Files bei Verdacht auf eine rechtswidrige Nutzung unseres Angebotes nachtr\u00e4glich zu kontrollieren.<\/p>\n<p><strong>Kontaktformular<\/strong><\/p>\n<p>Wenn Sie uns \u00fcber das Onlineformular oder per E-Mail kontaktieren, speichern wir die von Ihnen gemachten Angaben, um Ihre Anfrage beantworten und m\u00f6gliche Anschlussfragen stellen zu k\u00f6nnen.<\/p>\n<p><strong>Einbindung von Diensten und Inhalten Dritter<\/strong><\/p>\n<p>Unser Angebot umfasst mitunter Inhalte, Dienste und Leistungen anderer Anbieter. Das sind zum Beispiel Karten, die von Google-Maps zur Verf\u00fcgung gestellt werden. Damit diese Daten im Browser des Nutzers aufgerufen und dargestellt werden k\u00f6nnen, ist die \u00dcbermittlung der IP-Adresse zwingend notwendig. Die Anbieter (im Folgenden als \u201eDritt-Anbieter\u201c bezeichnet) nehmen also die IP-Adresse des jeweiligen Nutzers wahr.<\/p>\n<p>Auch wenn wir bem\u00fcht sind, ausschlie\u00dflich Dritt-Anbieter zu nutzen, welche die IP-Adresse nur ben\u00f6tigen, um Inhalte ausliefern zu k\u00f6nnen, haben wir keinen Einfluss darauf, ob die IP-Adresse m\u00f6glicherweise gespeichert wird. Dieser Vorgang dient in dem Fall unter anderem statistischen Zwecken. Sofern wir Kenntnis davon haben, dass die IP-Adresse gespeichert wird, weisen wir unsere Nutzer darauf hin.<\/p>\n<p><strong>Social Media Plug-ins (Facebook)<\/strong><\/p>\n<p>Wir setzen auf unserer Website auf Grundlage des Art. 6 Abs. 1 S. 1 lit. f DSGVO Social Plug-ins des sozialen Netzwerkes Facebook ein, um unseren Chor hier\u00fcber bekannter zu machen. Der dahinterstehende werbliche Zweck ist als berechtigtes Interesse im Sinne der DSGVO anzusehen. Die Verantwortung f\u00fcr den datenschutzkonformen Betrieb ist durch deren jeweiligen Anbieter zu gew\u00e4hrleisten. Die Einbindung dieser Plug-ins durch uns erfolgt im Wege der sogenannten Zwei-Klick-Methode um Besucher unserer Webseite bestm\u00f6glich zu sch\u00fctzen.<\/p>\n<p>Auf unserer Website kommen Social-Media Plugins von Facebook zum Einsatz, um deren Nutzung pers\u00f6nlicher zu gestalten. Hierf\u00fcr nutzen wir den \u201eLIKE\u201c oder \u201eTEILEN\u201c-Button. Es handelt sich dabei um ein Angebot von Facebook.<\/p>\n<p>Wenn Sie eine Seite unseres Webauftritts aufrufen, die ein solches Plugin enth\u00e4lt, baut Ihr Browser eine direkte Verbindung mit den Servern von Facebook auf. Der Inhalt des Plugins wird von Facebook direkt an Ihren Browser \u00fcbermittelt und von diesem in die Webseite eingebunden.<\/p>\n<p>Durch die Einbindung der Plugins erh\u00e4lt Facebook die Information, dass Ihr Browser die entsprechende Seite unseres Webauftritts aufgerufen hat, auch wenn Sie kein Facebook-Konto besitzen oder gerade nicht bei Facebook eingeloggt sind. Diese Information (einschlie\u00dflich Ihrer IP-Adresse) wird von Ihrem Browser direkt an einen Server von Facebook in den USA \u00fcbermittelt und dort gespeichert.<\/p>\n<p>Sind Sie bei Facebook eingeloggt, kann Facebook den Besuch unserer Website Ihrem Facebook-Konto direkt zuordnen. Wenn Sie mit den Plugins interagieren, zum Beispiel den \u201eLIKE\u201c oder \u201eTEILEN\u201c-Button bet\u00e4tigen, wird die entsprechende Information ebenfalls direkt an einen Server von Facebook \u00fcbermittelt und dort gespeichert. Die Informationen werden zudem auf Facebook ver\u00f6ffentlicht und Ihren Facebook-Freunden angezeigt.<\/p>\n<p>Facebook kann diese Informationen zum Zwecke der Werbung, Marktforschung und bedarfsgerechten Gestaltung der Facebook-Seiten benutzen. Hierzu werden von Facebook Nutzungs-, Interessen- und Beziehungsprofile erstellt, z. B. um Ihre Nutzung unserer Website im Hinblick auf die Ihnen bei Facebook eingeblendeten Werbeanzeigen auszuwerten, andere Facebook-Nutzer \u00fcber Ihre Aktivit\u00e4ten auf unserer Website zu informieren und um weitere mit der Nutzung von Facebook verbundene Dienstleistungen zu erbringen.<\/p>\n<p>Wenn Sie nicht m\u00f6chten, dass Facebook die \u00fcber unseren Webauftritt gesammelten Daten Ihrem Facebook-Konto zuordnet, m\u00fcssen Sie sich vor Ihrem Besuch unserer Website bei Facebook ausloggen.<\/p>\n<p>Zweck und Umfang der Datenerhebung und die weitere Verarbeitung und Nutzung der Daten durch Facebook sowie Ihre diesbez\u00fcglichen Rechte und Einstellungsm\u00f6glichkeiten zum Schutz Ihrer Privatsph\u00e4re entnehmen Sie bitte den Datenschutzhinweisen (https:\/\/www.facebook.com\/about\/privacy\/) von Facebook.<\/p>\n<p><strong>Cookies<\/strong><\/p>\n<p>Diese Webseite verwendet sogenannte Cookies. Das sind Textdateien, die vom Server aus auf Ihrem Rechner gespeichert werden. Sie enthalten Informationen zum Browser, zur IP-Adresse, dem Betriebssystem und zur Internetverbindung. Diese Daten werden von uns nicht an Dritte weitergegeben oder ohne ihre Zustimmung mit personenbezogenen Daten verkn\u00fcpft.<\/p>\n<p>Cookies erf\u00fcllen vor allem zwei Aufgaben. Sie helfen uns, Ihnen die Navigation durch unser Angebot zu erleichtern, und erm\u00f6glichen die korrekte Darstellung der Webseite. Sie werden nicht dazu genutzt, Viren einzuschleusen oder Programme zu starten.<\/p>\n<p>Nutzer haben die M\u00f6glichkeit, unser Angebot auch ohne Cookies aufzurufen. Dazu m\u00fcssen im Browser die entsprechenden Einstellungen ge\u00e4ndert werden. Informieren Sie sich bitte \u00fcber die Hilfsfunktion Ihres Browsers, wie Cookies deaktiviert werden. Wir weisen allerdings darauf hin, dass dadurch einige Funktionen dieser Webseite m\u00f6glicherweise beeintr\u00e4chtigt werden und der Nutzungskomfort eingeschr\u00e4nkt wird. Die Seiten\u00a0<a href=\"http:\/\/www.aboutads.info\/choices\/\">http:\/\/www.aboutads.info\/choices\/<\/a>\u00a0(USA) und\u00a0<a href=\"http:\/\/www.youronlinechoices.com\/uk\/your-ad-choices\/\">http:\/\/www.youronlinechoices.com\/uk\/your-ad-choices\/<\/a>\u00a0(Europa) erlauben es Ihnen, Online-Anzeigen-Cookies zu verwalten.<\/p>\n<p><strong>Datensparsamkeit<\/strong><\/p>\n<p>Personenbezogene Daten speichern wir gem\u00e4\u00df den Grunds\u00e4tzen der Datenvermeidung und Datensparsamkeit nur so lange, wie es erforderlich ist oder vom Gesetzgeber her vorgeschrieben wird (gesetzliche Speicherfrist). Entf\u00e4llt der Zweck der erhobenen Informationen oder endet die Speicherfrist, sperren oder l\u00f6schen wir die Daten.<\/p>\n<p><strong>Ihre Rechte auf Auskunft, Berichtigung, Sperre, L\u00f6schung und Widerspruch<\/strong><\/p>\n<p>Sie haben das Recht, auf Antrag unentgeltlich eine Auskunft, \u00fcber die bei uns gespeicherten personenbezogenen Daten, anzufordern und\/oder eine Berichtigung, Sperrung oder L\u00f6schung zu verlangen. Ausnahmen: Es handelt sich um die vorgeschriebene Datenspeicherung zur Gesch\u00e4ftsabwicklung oder die Daten unterliegen der gesetzlichen Aufbewahrungspflicht.<\/p>\n<p>F\u00fcr diese Zwecke kontaktieren Sie bitte unseren Datenschutzbeauftragen (Kontaktdaten: siehe oben).<\/p>\n<p>Um eine Datensperre jederzeit ber\u00fccksichtigen zu k\u00f6nnen, ist es erforderlich, die Daten f\u00fcr Kontrollzwecke in einer Sperrdatei vorzuhalten. Besteht keine gesetzliche Archivierungspflicht, k\u00f6nnen Sie auch die L\u00f6schung der Daten verlangen. Anderenfalls sperren wir die Daten, sofern Sie dies w\u00fcnschen.<\/p>\n<p><strong>\u00c4nderung unserer Datenschutzerkl\u00e4rung<\/strong><\/p>\n<p>Um zu gew\u00e4hrleisten, dass unsere Datenschutzerkl\u00e4rung stets den aktuellen gesetzlichen Vorgaben entspricht, behalten wir uns jederzeit \u00c4nderungen vor. Das gilt auch f\u00fcr den Fall, dass die Datenschutzerkl\u00e4rung aufgrund neuer oder \u00fcberarbeiteter Leistungen, zum Beispiel neuer Serviceleistungen, angepasst werden muss. Die neue Datenschutzerkl\u00e4rung greift dann bei Ihrem n\u00e4chsten Besuch auf unserem Angebot.<\/p>\n","protected":false},"excerpt":{"rendered":"<p>Vokal Ensemble Isernhagen e.V. c\/o Nicola Boettcher Friedrich-Daps-Weg 24 30938 Burgwedel Mobil: 0151-58070619 nico.boettcher70@gmail.com Internet: www.vei.de Kontoverbindung Vokal Ensemble Isernhagen e.V. IBAN: DE42 2505 0180 0900 4123 21 Haftungshinweis: Trotz sorgf\u00e4ltiger inhaltlicher Kontrolle \u00fcbernehmen wir keine Haftung f\u00fcr die Inhalte externer Links. F\u00fcr den Inhalt der verlinkten Seiten sind ausschlie\u00dflich deren Betreiber verantwortlich. F\u00fcr Fragen [&hellip;]<\/p>\n","protected":false},"author":1,"featured_media":0,"parent":0,"menu_order":0,"comment_status":"closed","ping_status":"closed","template":"page_fullwidth.php","meta":{"footnotes":""},"class_list":["post-178","page","type-page","status-publish","hentry"],"_links":{"self":[{"href":"https:\/\/vei.de\/index.php?rest_route=\/wp\/v2\/pages\/178"}],"collection":[{"href":"https:\/\/vei.de\/index.php?rest_route=\/wp\/v2\/pages"}],"about":[{"href":"https:\/\/vei.de\/index.php?rest_route=\/wp\/v2\/types\/page"}],"author":[{"embeddable":true,"href":"https:\/\/vei.de\/index.php?rest_route=\/wp\/v2\/users\/1"}],"replies":[{"embeddable":true,"href":"https:\/\/vei.de\/index.php?rest_route=%2Fwp%2Fv2%2Fcomments&post=178"}],"version-history":[{"count":14,"href":"https:\/\/vei.de\/index.php?rest_route=\/wp\/v2\/pages\/178\/revisions"}],"predecessor-version":[{"id":809,"href":"https:\/\/vei.de\/index.php?rest_route=\/wp\/v2\/pages\/178\/revisions\/809"}],"wp:attachment":[{"href":"https:\/\/vei.de\/index.php?rest_route=%2Fwp%2Fv2%2Fmedia&parent=178"}],"curies":[{"name":"wp","href":"https:\/\/api.w.org\/{rel}","templated":true}]}}

<table>
<tbody>
<tr>
<td>
<h3>Vokal Ensemble Isernhagen e.V.</h3>
<p>c/o Nicola Boettcher<br />
Friedrich-Daps-Weg 24<br />
30938 Burgwedel<br />
Mobil: 0151-58070619<br />
<a href="mailto:nico.boettcher70@gmail.com">nico.boettcher70@gmail.com</a></p>
<p>Internet: <a href="http://www.vei.de"><b>www.vei.de</b></a></td>
</tr>
</tbody>
</table>
<p><strong>Kontoverbindung</strong><br />
Vokal Ensemble Isernhagen e.V.<br />
IBAN: DE42 2505 0180 0900 4123 21</p>
<p><b>Haftungshinweis:</b><br />
Trotz sorgfältiger inhaltlicher Kontrolle übernehmen wir keine Haftung für die Inhalte externer Links. Für den Inhalt der verlinkten Seiten sind ausschließlich deren Betreiber verantwortlich.</p>
<p>Für Fragen und Anregungen zur Webseite melden Sie sich bei <a href="mailto:dan_boe@gmx.de">Daniel Boettcher</a>.</p>
<hr />
<h3><strong>Datenschutzerklärung</strong></h3>
<p><strong>Anbieter und verantwortliche Stelle im Sinne des Datenschutzgesetzes</strong></p>
<p>Vokal Ensemble Isernhagen e.V.<br />
Nicola Boettcher (1. Vorsitzende)<br />
Firedrich-Daps-Weg 24<br />
30938 Burgwedel<br />
E-Mail: <a href="mailto:dan_boe@gmx.de" target="_blank" rel="noopener noreferrer"><b><a href="mailto:nico.boettcher70@gmail.com">nico.boettcher70@gmail.com</a></b></a></p>
<p><strong>Geltungsbereich</strong></p>
<p>Nutzer erhalten mit dieser Datenschutzerklärung Information über die Art, den Umfang und Zweck der Erhebung und Verwendung ihrer Daten durch den verantwortlichen Anbieter erhoben und verwendet werden.</p>
<p>Den rechtlichen Rahmen für den Datenschutz bilden die Datenschutzgrundverordnung (DSGVO) und das Telemediengesetz (TMG).</p>
<p><strong>Erfassung allgemeiner Informationen</strong></p>
<p>Mit jedem Zugriff auf dieses Angebot werden durch uns bzw. den Webspace-Provider automatisch Informationen erfasst. Diese Informationen, auch als Server-Logfiles bezeichnet, sind allgemeiner Natur und erlauben keine Rückschlüsse auf Ihre Person.</p>
<p>Erfasst werden unter anderem: Name der Webseite, Datei, Datum, Datenmenge, Webbrowser und Webbrowser-Version, Betriebssystem, der Domainname Ihres Internet-Providers, die sogenannte Referrer-URL (jene Seite, von der aus Sie auf unser Angebot zugegriffen haben) und die IP-Adresse.</p>
<p>Ohne diese Daten wäre es technisch teils nicht möglich, die Inhalte der Webseite auszuliefern und darzustellen. Insofern ist die Erfassung der Daten zwingend notwendig. Darüber hinaus verwenden wir die anonymen Informationen für statistische Zwecke. Sie helfen uns bei der Optimierung des Angebots und der Technik. Wir behalten uns zudem das Recht vor, die Log-Files bei Verdacht auf eine rechtswidrige Nutzung unseres Angebotes nachträglich zu kontrollieren.</p>
<p><strong>Kontaktformular</strong></p>
<p>Wenn Sie uns über das Onlineformular oder per E-Mail kontaktieren, speichern wir die von Ihnen gemachten Angaben, um Ihre Anfrage beantworten und mögliche Anschlussfragen stellen zu können.</p>
<p><strong>Einbindung von Diensten und Inhalten Dritter</strong></p>
<p>Unser Angebot umfasst mitunter Inhalte, Dienste und Leistungen anderer Anbieter. Das sind zum Beispiel Karten, die von Google-Maps zur Verfügung gestellt werden. Damit diese Daten im Browser des Nutzers aufgerufen und dargestellt werden können, ist die Übermittlung der IP-Adresse zwingend notwendig. Die Anbieter (im Folgenden als „Dritt-Anbieter“ bezeichnet) nehmen also die IP-Adresse des jeweiligen Nutzers wahr.</p>
<p>Auch wenn wir bemüht sind, ausschließlich Dritt-Anbieter zu nutzen, welche die IP-Adresse nur benötigen, um Inhalte ausliefern zu können, haben wir keinen Einfluss darauf, ob die IP-Adresse möglicherweise gespeichert wird. Dieser Vorgang dient in dem Fall unter anderem statistischen Zwecken. Sofern wir Kenntnis davon haben, dass die IP-Adresse gespeichert wird, weisen wir unsere Nutzer darauf hin.</p>
<p><strong>Social Media Plug-ins (Facebook)</strong></p>
<p>Wir setzen auf unserer Website auf Grundlage des Art. 6 Abs. 1 S. 1 lit. f DSGVO Social Plug-ins des sozialen Netzwerkes Facebook ein, um unseren Chor hierüber bekannter zu machen. Der dahinterstehende werbliche Zweck ist als berechtigtes Interesse im Sinne der DSGVO anzusehen. Die Verantwortung für den datenschutzkonformen Betrieb ist durch deren jeweiligen Anbieter zu gewährleisten. Die Einbindung dieser Plug-ins durch uns erfolgt im Wege der sogenannten Zwei-Klick-Methode um Besucher unserer Webseite bestmöglich zu schützen.</p>
<p>Auf unserer Website kommen Social-Media Plugins von Facebook zum Einsatz, um deren Nutzung persönlicher zu gestalten. Hierfür nutzen wir den „LIKE“ oder „TEILEN“-Button. Es handelt sich dabei um ein Angebot von Facebook.</p>
<p>Wenn Sie eine Seite unseres Webauftritts aufrufen, die ein solches Plugin enthält, baut Ihr Browser eine direkte Verbindung mit den Servern von Facebook auf. Der Inhalt des Plugins wird von Facebook direkt an Ihren Browser übermittelt und von diesem in die Webseite eingebunden.</p>
<p>Durch die Einbindung der Plugins erhält Facebook die Information, dass Ihr Browser die entsprechende Seite unseres Webauftritts aufgerufen hat, auch wenn Sie kein Facebook-Konto besitzen oder gerade nicht bei Facebook eingeloggt sind. Diese Information (einschließlich Ihrer IP-Adresse) wird von Ihrem Browser direkt an einen Server von Facebook in den USA übermittelt und dort gespeichert.</p>
<p>Sind Sie bei Facebook eingeloggt, kann Facebook den Besuch unserer Website Ihrem Facebook-Konto direkt zuordnen. Wenn Sie mit den Plugins interagieren, zum Beispiel den „LIKE“ oder „TEILEN“-Button betätigen, wird die entsprechende Information ebenfalls direkt an einen Server von Facebook übermittelt und dort gespeichert. Die Informationen werden zudem auf Facebook veröffentlicht und Ihren Facebook-Freunden angezeigt.</p>
<p>Facebook kann diese Informationen zum Zwecke der Werbung, Marktforschung und bedarfsgerechten Gestaltung der Facebook-Seiten benutzen. Hierzu werden von Facebook Nutzungs-, Interessen- und Beziehungsprofile erstellt, z. B. um Ihre Nutzung unserer Website im Hinblick auf die Ihnen bei Facebook eingeblendeten Werbeanzeigen auszuwerten, andere Facebook-Nutzer über Ihre Aktivitäten auf unserer Website zu informieren und um weitere mit der Nutzung von Facebook verbundene Dienstleistungen zu erbringen.</p>
<p>Wenn Sie nicht möchten, dass Facebook die über unseren Webauftritt gesammelten Daten Ihrem Facebook-Konto zuordnet, müssen Sie sich vor Ihrem Besuch unserer Website bei Facebook ausloggen.</p>
<p>Zweck und Umfang der Datenerhebung und die weitere Verarbeitung und Nutzung der Daten durch Facebook sowie Ihre diesbezüglichen Rechte und Einstellungsmöglichkeiten zum Schutz Ihrer Privatsphäre entnehmen Sie bitte den Datenschutzhinweisen (https://www.facebook.com/about/privacy/) von Facebook.</p>
<p><strong>Cookies</strong></p>
<p>Diese Webseite verwendet sogenannte Cookies. Das sind Textdateien, die vom Server aus auf Ihrem Rechner gespeichert werden. Sie enthalten Informationen zum Browser, zur IP-Adresse, dem Betriebssystem und zur Internetverbindung. Diese Daten werden von uns nicht an Dritte weitergegeben oder ohne ihre Zustimmung mit personenbezogenen Daten verknüpft.</p>
<p>Cookies erfüllen vor allem zwei Aufgaben. Sie helfen uns, Ihnen die Navigation durch unser Angebot zu erleichtern, und ermöglichen die korrekte Darstellung der Webseite. Sie werden nicht dazu genutzt, Viren einzuschleusen oder Programme zu starten.</p>
<p>Nutzer haben die Möglichkeit, unser Angebot auch ohne Cookies aufzurufen. Dazu müssen im Browser die entsprechenden Einstellungen geändert werden. Informieren Sie sich bitte über die Hilfsfunktion Ihres Browsers, wie Cookies deaktiviert werden. Wir weisen allerdings darauf hin, dass dadurch einige Funktionen dieser Webseite möglicherweise beeinträchtigt werden und der Nutzungskomfort eingeschränkt wird. Die Seiten <a href="http://www.aboutads.info/choices/">http://www.aboutads.info/choices/</a> (USA) und <a href="http://www.youronlinechoices.com/uk/your-ad-choices/">http://www.youronlinechoices.com/uk/your-ad-choices/</a> (Europa) erlauben es Ihnen, Online-Anzeigen-Cookies zu verwalten.</p>
<p><strong>Datensparsamkeit</strong></p>
<p>Personenbezogene Daten speichern wir gemäß den Grundsätzen der Datenvermeidung und Datensparsamkeit nur so lange, wie es erforderlich ist oder vom Gesetzgeber her vorgeschrieben wird (gesetzliche Speicherfrist). Entfällt der Zweck der erhobenen Informationen oder endet die Speicherfrist, sperren oder löschen wir die Daten.</p>
<p><strong>Ihre Rechte auf Auskunft, Berichtigung, Sperre, Löschung und Widerspruch</strong></p>
<p>Sie haben das Recht, auf Antrag unentgeltlich eine Auskunft, über die bei uns gespeicherten personenbezogenen Daten, anzufordern und/oder eine Berichtigung, Sperrung oder Löschung zu verlangen. Ausnahmen: Es handelt sich um die vorgeschriebene Datenspeicherung zur Geschäftsabwicklung oder die Daten unterliegen der gesetzlichen Aufbewahrungspflicht.</p>
<p>Für diese Zwecke kontaktieren Sie bitte unseren Datenschutzbeauftragen (Kontaktdaten: siehe oben).</p>
<p>Um eine Datensperre jederzeit berücksichtigen zu können, ist es erforderlich, die Daten für Kontrollzwecke in einer Sperrdatei vorzuhalten. Besteht keine gesetzliche Archivierungspflicht, können Sie auch die Löschung der Daten verlangen. Anderenfalls sperren wir die Daten, sofern Sie dies wünschen.</p>
<p><strong>Änderung unserer Datenschutzerklärung</strong></p>
<p>Um zu gewährleisten, dass unsere Datenschutzerklärung stets den aktuellen gesetzlichen Vorgaben entspricht, behalten wir uns jederzeit Änderungen vor. Das gilt auch für den Fall, dass die Datenschutzerklärung aufgrund neuer oder überarbeiteter Leistungen, zum Beispiel neuer Serviceleistungen, angepasst werden muss. Die neue Datenschutzerklärung greift dann bei Ihrem nächsten Besuch auf unserem Angebot.</p>

<p>Vokal Ensemble Isernhagen e.V. c/o Nicola Boettcher Friedrich-Daps-Weg 24 30938 Burgwedel Mobil: 0151-58070619 nico.boettcher70@gmail.com Internet: www.vei.de Kontoverbindung Vokal Ensemble Isernhagen e.V. IBAN: DE42 2505 0180 0900 4123 21 Haftungshinweis: Trotz sorgfältiger inhaltlicher Kontrolle übernehmen wir keine Haftung für die Inhalte externer Links. Für den Inhalt der verlinkten Seiten sind ausschließlich deren Betreiber verantwortlich. Für Fragen [&hellip;]</p>
