{"id":1197,"date":"2023-09-05T19:44:49","date_gmt":"2023-09-05T17:44:49","guid":{"rendered":"http:\/\/vei.de\/?page_id=1197"},"modified":"2026-03-26T14:23:30","modified_gmt":"2026-03-26T13:23:30","slug":"termine-proben","status":"publish","type":"page","link":"https:\/\/vei.de\/?page_id=1197","title":{"rendered":"Termine &#038; Proben"},"content":{"rendered":"\n<h3 class=\"wp-block-heading\">Konzerte<\/h3>\n\n\n\n<p><\/p>\n\n\n\n<p>13.02. &amp; 14.02.2027 &#8211; <a href=\"https:\/\/vei.de\/?page_id=186\" data-type=\"page\" data-id=\"186\">Die geDRECHSELte Zauberfl\u00f6te<\/a> &#8211; Isernhagenhof<\/p>\n\n\n\n<p>20.02.2027 &#8211; <a href=\"https:\/\/vei.de\/?page_id=186\" data-type=\"page\" data-id=\"186\">Die geDRECHSELte Zauberfl\u00f6te<\/a> &#8211; Stadttheater Wunstorf<\/p>\n\n\n\n<h4 class=\"wp-block-heading\"><\/h4>\n\n\n\n<p><\/p>\n\n\n\n<div style=\"height:38px\" aria-hidden=\"true\" class=\"wp-block-spacer\"><\/div>\n\n\n<h3>Proben<\/h3>\n\n\n<p>donnerstags von 19.30 Uhr &#8211; 21.00 Uhr<\/p>\n\n\n\n<p>Begegnungsst\u00e4tte Isernhagen HB<\/p>\n\n\n\n<p>Burgwedeler Stra\u00dfe 141e, 30916 Isernhagen HB<\/p>\n\n\n\n<p><\/p>\n","protected":false},"excerpt":{"rendered":"<p>Konzerte 13.02. &amp; 14.02.2027 &#8211; Die geDRECHSELte Zauberfl\u00f6te &#8211; Isernhagenhof 20.02.2027 &#8211; Die geDRECHSELte Zauberfl\u00f6te &#8211; Stadttheater Wunstorf Proben donnerstags von 19.30 Uhr &#8211; 21.00 Uhr Begegnungsst\u00e4tte Isernhagen HB Burgwedeler Stra\u00dfe 141e, 30916 Isernhagen HB<\/p>\n","protected":false},"author":2,"featured_media":0,"parent":0,"menu_order":0,"comment_status":"closed","ping_status":"closed","template":"","meta":{"footnotes":""},"class_list":["post-1197","page","type-page","status-publish","hentry"],"_links":{"self":[{"href":"https:\/\/vei.de\/index.php?rest_route=\/wp\/v2\/pages\/1197"}],"collection":[{"href":"https:\/\/vei.de\/index.php?rest_route=\/wp\/v2\/pages"}],"about":[{"href":"https:\/\/vei.de\/index.php?rest_route=\/wp\/v2\/types\/page"}],"author":[{"embeddable":true,"href":"https:\/\/vei.de\/index.php?rest_route=\/wp\/v2\/users\/2"}],"replies":[{"embeddable":true,"href":"https:\/\/vei.de\/index.php?rest_route=%2Fwp%2Fv2%2Fcomments&post=1197"}],"version-history":[{"count":39,"href":"https:\/\/vei.de\/index.php?rest_route=\/wp\/v2\/pages\/1197\/revisions"}],"predecessor-version":[{"id":1851,"href":"https:\/\/vei.de\/index.php?rest_route=\/wp\/v2\/pages\/1197\/revisions\/1851"}],"wp:attachment":[{"href":"https:\/\/vei.de\/index.php?rest_route=%2Fwp%2Fv2%2Fmedia&parent=1197"}],"curies":[{"name":"wp","href":"https:\/\/api.w.org\/{rel}","templated":true}]}}